tors of (2/(6/79))/((-1)/(-3)).
79
Let d be (0 - -1)/(1/2). Let o(m) = 23*m + 188. Let z be o(-8). Suppose z*j = -0*q - 2*q + 70, -d*j + 5*q = -5. List the prime factors of j.
3, 5
Let j = -84 - -88. Suppose 0 = -j*r + 175 + 213. What are the prime factors of r?
97
Let h = 15 - 37. Let b = 13 - h. What are the prime factors of b?
5, 7
Suppose -38*d - 782 = -9180. What are the prime factors of d?
13, 17
Suppose -2*o = -5*t - 18, 45 = 5*o - 12*t + 15*t. Let b = 205 + o. What are the prime factors of b?
2, 107
Suppose 65 + 151 = 2*p. What are the prime factors of (p + -3)/((-15)/(-10))?
2, 5, 7
Let o(p) = 12*p**2 + 5*p. Suppose -10*r = -r + 18. What are the prime factors of o(r)?
2, 19
Let v(k) be the first derivative of -k**4/4 - 11*k**3/3 + 9*k**2 + 11*k + 11. List the prime factors of v(-13).
5, 23
Let a be 3422/3*((-12)/(-8) + 0). Suppose 0 = 12*o - 125 - a. List the prime factors of o.
3, 17
Let k(o) = 8*o**3 + o**2 + 13*o + 1 - 7*o + 0*o**2 - 8*o. Let n = 2 + -1. List the prime factors of k(n).
2
List the prime factors of (21 - 23)*(-984 + 1).
2, 983
Let k be (-437)/(-6) + 17/(-6) + 3. Let x = k - 33. What are the prime factors of x?
2, 5
Let k(d) = -5438*d - 22. What are the prime factors of k(-1)?
2, 677
Suppose 102 = 3*l - 5*m, 0*l - 2*l - 3*m = -68. Let h(w) = 37*w - 13*w + l*w. What are the prime factors of h(1)?
2, 29
Let l(f) = f**3 + f**2 - 3*f - 1. Let g be l(-2). Let p(b) be the second derivative of 11*b**3/6 + b. List the prime factors of p(g).
11
Suppose 0 = -s + 122 + 5. Suppose -2*f - 4*o + s - 19 = 0, -4*o = 3*f - 170. List the prime factors of f.
2, 31
Suppose 3*z + 4*v + 23 = 8*z, 3*v = -2*z. Suppose 262 = 3*g + 2*i, z*i - 9 - 6 = 0. List the prime factors of g.
2, 3, 7
Let f(i) = 248*i**2 - 11*i + 12. List the prime factors of f(2).
2, 491
Suppose 0 = 2*k + 3*c + 11, 14 = -5*k + 3*k - 4*c. Let f be 1/3*(95 - k). Let p = 61 - f. List the prime factors of p.
29
Suppose 3*l - 6*l = 3*b - 42, l + 2*b = 10. Let z(v) = 7*v - 7. What are the prime factors of z(l)?
7, 17
Let u(j) = -98*j + 2. Suppose -34*f + 33*f - 2 = 0. What are the prime factors of u(f)?
2, 3, 11
Suppose -3*l = -5*q - 26, -5*l - q + 36 = -2*q. What are the prime factors of 103/l + 6/21?
3, 5
Let o = -878 - -1342. List the prime factors of o.
2, 29
Let a = 286 + -125. List the prime factors of a.
7, 23
Let y be ((-2)/6)/(((-8)/30)/4). Suppose -120 = -y*q + 195. What are the prime factors of q?
3, 7
What are the prime factors of ((-6372)/90)/(3/(-20)) + -5?
467
Let i be 2*8/(12/3). Suppose 2*r + i = 12. Suppose -121 = -3*d - d + 5*w, -r*w + 46 = d. What are the prime factors of d?
2, 17
Suppose -b + 5*t - 7 = 0, -3*b - 4*t + 6 + 11 = 0. Suppose 3*x - 36 + b = 0. What are the prime factors of (x/3)/(6/18)?
11
Let x(q) = -q**2 + 11*q + 4. Suppose 4 = c, 2*u - u - c = 1. Let n be x(u). Suppose -4*o = -6*o + n. What are the prime factors of o?
17
Suppose 17*g = 36005 + 16168. What are the prime factors of g?
3, 11, 31
Let w = -11 - -13. Let y be 3 + 63 + 2/(-2). Suppose -w*j - 7 + y = 0. List the prime factors of j.
29
Let o be (-1 + 0)/(8/(-24)). List the prime factors of -2 - 126/(-3) - o.
37
Let s(c) = -6*c + 14. Let f(d) = -2*d. Let k be f(-4). Let w be s(k). Let z = w - -63. What are the prime factors of z?
29
Suppose 4*x - 598 = -x + 4*n, 0 = x - n - 120. Suppose 2*q + h + 3*h = x, -h + 187 = 3*q. List the prime factors of q.
3, 7
Let k = 306 - 202. What are the prime factors of k?
2, 13
Let r = -1157 - -1801. List the prime factors of r.
2, 7, 23
Suppose 0 = 5*i + 3*q + 722 - 4799, -2*i + 1642 = 4*q. What are the prime factors of i?
3, 271
Let o(t) = t**3 - 6*t**2 + 4*t - 5. Let l be o(5). What are the prime factors of 1*-30*(12/l + 0)?
2, 3
Let s(r) = -799*r - 349. What are the prime factors of s(-5)?
2, 1823
Let i(t) = 2*t + 175. Let f be i(0). Let w = -138 + 245. Let z = f - w. List the prime factors of z.
2, 17
Suppose -u + 765 = -y, -3*y + 7*y = -8. List the prime factors of u.
7, 109
Let j(h) = h**3 + h**2 - 20. Let f(x) = -2*x**3 - 2*x**2 + 50. Let k(g) = -5*f(g) - 12*j(g). List the prime factors of k(-5).
2, 5, 19
List the prime factors of (18 - -381)/(4/20).
3, 5, 7, 19
Suppose -k + 8 = -0*h + 4*h, 0 = h + 2*k - 9. Let i(n) = 2*n + 44. Let r be i(-19). What are the prime factors of r/h*(-234)/(-36)?
3, 13
Suppose 10 = -2*x + 2*v, -2*x + 12 = 4*v + 4. Let a = -2 - x. What are the prime factors of (-2)/(a + (-3)/18)?
2, 3
Let w(z) = z**2 - 8*z. Let m be w(8). Suppose 5*j = -o + 49, -o - 3*j = -m*j - 53. What are the prime factors of o?
59
Suppose 0 = q + 2*d - 139, 2*q = -2*d - 72 + 352. What are the prime factors of q?
3, 47
Let k(z) = 0*z + 3 - z + z**3 - 356*z**2 + 355*z**2 + 2*z - 4*z. Let s be (-1)/2 - 7/(-2). List the prime factors of k(s).
2, 3
Suppose -2*k + q + 14 = -3*q, -6 = 2*k + q. List the prime factors of -3 - k - (-9 + -148).
5, 31
Let n(w) = 1777*w**2 + w + 3. What are the prime factors of n(-1)?
3, 593
Suppose -13*t + 4900 = -11*t. What are the prime factors of t?
2, 5, 7
Suppose -j = -411 + 35. List the prime factors of j.
2, 47
Let c(b) = -6*b + 9. List the prime factors of c(-4).
3, 11
Suppose 3*v - 64 = -v. Suppose -14*a = -18*a + v. Suppose -9 = -2*h - 3*w + 8*w, 0 = a*h + 4*w - 88. What are the prime factors of h?
17
Let t = 23 + -22. Let y = t - -2. Suppose y*i - 3 = 90. What are the prime factors of i?
31
Suppose 0 = -15*c + 18*c - 342. Suppose -4*m + 7*m + f - c = 0, 0 = 3*m - 2*f - 105. Let z = -10 + m. What are the prime factors of z?
3
Suppose 25 = 3*l + 106. List the prime factors of 8776/36 + ((-33)/l - 1).
2, 61
Let g(d) = -14*d**3 - 3*d**2 - d + 6. Let q be g(-2). Suppose -2*s + 238 = -q. List the prime factors of s.
173
Let p(s) = 5*s**3 + 2*s**2 - 1. Let r be p(2). Let l = 104 - r. Let u = l + -33. List the prime factors of u.
2, 3
Let d(p) = 158*p**3 + 1. Let g be d(-1). Let q = -93 - g. List the prime factors of q.
2
What are the prime factors of ((-11 - -3) + -811)*(-3)/9?
3, 7, 13
Let g = 140 - 91. Let v be ((-4)/1)/((-2)/g). What are the prime factors of (-6)/7*v/(-14)?
2, 3
Let l be 6/18 + (-4)/3. Let h be (8/(-6))/(l/6). List the prime factors of 1 + -4 + 1 + h.
2, 3
Suppose -5*g + 1422 + 28 = 0. List the prime factors of g.
2, 5, 29
Suppose -c = 4*q + 69, -2*q = 2*c + 88 + 50. Let u = 116 + c. Suppose u + 113 = 5*i. List the prime factors of i.
2
Suppose 0 = -3*b + b + 58. Let l = b - -16. List the prime factors of l.
3, 5
What are the prime factors of -184*28/(-2 + -5)?
2, 23
Let u = 82 - -440. List the prime factors of u.
2, 3, 29
Let f be ((-3)/2)/((-1)/30). Suppose 3*l - 72 = -k, 3*l + 126 = 2*k - 0*l. Suppose 2*b - f = 5*a, 5*b + 2*a = -26 + k. What are the prime factors of b?
2, 5
Let u(n) = 14*n - 16. Let h be u(7). Suppose -q = -3*l + h, -1 = 4*l - q - 110. List the prime factors of l.
3
Let z(m) = m**2 - 8*m - 20. Let j be z(10). Suppose j = -h - 9 + 68. What are the prime factors of h?
59
Let i = -1252 - -1257. Let d be (-2)/(-5) + (-16)/(-10). Suppose -i*y = -g - 372, -138 = -2*y - 7*g + d*g. List the prime factors of y.
2, 37
Let u(v) = v**3 - 10*v**2 + 5*v + 16. Let d be u(8). Let w = d - -250. List the prime factors of w.
2, 89
Let c(d) = 7*d - 10. Let a(w) = -20*w + 30. Let o(t) = -4*a(t) - 11*c(t). Let r be (0 - (-17 - -3)) + -1. What are the prime factors of o(r)?
29
List the prime factors of (0 - 100/35)*-203.
2, 5, 29
Suppose 5*y - 3*k - 3794 = 0, -3*k = 5*y - 608 - 3198. What are the prime factors of y?
2, 5, 19
Suppose 2*v - 45 = -v. Suppose -v*x + 12*x + 150 = 0. List the prime factors of x.
2, 5
Let t be (-6 + 6)*2/(-2). Suppose -3*x = -t*x. Suppose -5*l = -4*j + 62 + 12, x = 3*j + 2*l - 44. List the prime factors of j.
2
Suppose 2*w + 4*y - 1 = 1, -3*y + 6 = 0. Let h(i) = i**2 + 2*i - 3. Let n be h(w). What are the prime factors of (n - (-3)/2)*12?
2, 3
Let m be 4 - 1 - (-43*1 + -1). Let a = 50 + m. What are the prime factors of a?
97
Let n = 433 + -173. Let a = -129 + n. List the prime factors of a.
131
Let h(r) = 2*r**3 - 22*r**2 - 7*r + 6. What are the prime factors of h(15)?
3, 7
Suppose 0 = 3*m - 79 - 53. Suppose 2*i - 156 - m = 0. What are the prime factors of i?
2, 5
Suppose 5 = 4*m + 1. Suppose 2*w + 17 = 15. List the prime factors of 29 + -2 + m - w.
29
Let s be (-2)/(-6)*